+ 0. Is -67*(q + 3/3) composite?
False
Let d(w) = 3*w**2 - 3*w + 3. Let s be d(-5). Suppose -s = 5*m - 548. Is m a prime number?
False
Let l(m) = 22*m + 5. Let z be l(10). Suppose 0 = -2*p - 5*t + z, 2*p + 577 = 7*p - 2*t. Is p composite?
True
Let s(o) = 56*o + 1. Is s(3) prime?
False
Suppose -5*a - 2*w + 714 = 174, -a - 2*w = -100. Let j = 199 - a. Is j a prime number?
True
Let c(g) = g**2 + g - 2. Let x(r) = -r**3 - 5*r**2 - 2*r + 5. Let l be x(-5). Suppose -5*w = l, -4*h + 3 = -2*w + 9. Is c(h) a prime number?
False
Let p(b) = 7*b + 3. Let k(r) = -7*r - 2. Suppose -i - 5 = -1. Let l(f) = i*k(f) - 3*p(f). Is l(2) composite?
False
Suppose 5*r - 5 - 5 = -3*m, 5*r - m = 30. Suppose -r*n + 452 = -n. Is n prime?
True
Let s(i) = -2*i**3 - 3*i**2 - 4*i - 1. Let r be s(-4). Let n be (-4 + 3)/((-2)/10). Suppose 0*a - l = n*a - r, 5*l = -a + 19. Is a a prime number?
True
Let r(z) = -z**3 - 5*z**2 - 6*z - 6. Let y be r(-4). Let t = 2 - y. Suppose t*n + 24 = 4*n. Is n composite?
True
Let r = -229 + 480. Is r a composite number?
False
Suppose 5*n - 6 = 4. Let o be 340/14 - n/7. Suppose 5*p - p - 5*s = 34, -3*p = -3*s - o. Is p composite?
True
Let k = -1114 - -2073. Is k a prime number?
False
Let m = 1493 + -852. Is m composite?
False
Let p(i) = 318*i**2 + 1 + i - i + 0*i + 2*i. Is p(-1) composite?
False
Let v be (-337)/((-3 - -3) + 1). Let q = -218 - v. Is q prime?
False
Let p = 2394 - 235. Is p a prime number?
False
Let j be (-878)/(-18) - (-2)/9. Let h = j + -23. Is h prime?
False
Let p = 144 + -48. Let y be p/3 + (3 - 4). Let c = -17 + y. Is c a prime number?
False
Suppose 14 = 4*g - 138. Let s(f) = -f**3 + 11*f**2 - 2*f + 13. Let w be s(10). Suppose v - g - w = 0. Is v a composite number?
False
Is ((-4)/6)/(2422/(-2418) - -1) composite?
True
Let f = -93 + 130. Is f prime?
True
Suppose 3*v - 2252 + 13430 = 0. Is (-2)/(-7) - v/42 prime?
True
Suppose -4*k + 480 = -44. Is k a prime number?
True
Let z(r) be the first derivative of 2*r**5/5 + r**4/24 + r**3/3 + 2. Let o(h) be the third derivative of z(h). Is o(1) a prime number?
False
Suppose -3*h = -0*h - 6. Let n(u) = 10*u + 1. Is n(h) a prime number?
False
Suppose -2*w = -11*w + 2853. Is w a prime number?
True
Suppose -3*i + 4*u + 20 + 8 = 0, -i = -u - 9. Let p(w) = -8*w - 9. Let d be p(i). Let q = d + 106. Is q a prime number?
False
Let p be (4 - (1 + 1)) + 36. Let k = p + -3. Is k prime?
False
Suppose -63 = 5*g + 42. Is ((-938)/g)/(2/3) a prime number?
True
Let r(v) = -v**2 - 9*v - 5. Let q be r(-9). Is 5/q - (-128)/1 prime?
True
Let i = 26 + 48. Is i prime?
False
Let p be (-4 - -10)*(-2 - -148). Let l = 1635 - p. Is l/6 + 2/4 a prime number?
True
Let v(z) = -3*z**2 - z + 2. Let c(i) = 5*i**2 + i - 5. Let k(u) = -4*c(u) - 7*v(u). Is k(5) a prime number?
False
Let v be (-1 - 2/(-1)) + 91. Suppose 2*u = v + 18. Is u a composite number?
True
Is 145*1*(-8)/(-20) composite?
True
Let f(q) = -q**3 - q + 7. Let i be f(0). Suppose i*a - 37 = -k + 3*a, 5*k - 4*a - 161 = 0. Is k composite?
True
Let z = 93 - -4. Is z prime?
True
Suppose 5*r + 6 = 21. Let w(c) = c - 6. Let m be w(5). Is m*((-6)/r + -19) a prime number?
False
Let i be 10/25 + (-16)/(-10). Suppose u = 4*v - 42, u + 9 = i*v - 11. Is v a prime number?
True
Let w = -9 + 5. Let c be (-76)/(-2) + w + 3. Suppose 0*y + c = y. Is y composite?
False
Suppose 5*o = -4*s + 6, 4*o - 2*s + 0*s = 10. Let c(b) = -1 - 9*b - o + 4. Is c(-1) a composite number?
True
Suppose 0 = 3*q - 15 - 3. Is q a prime number?
False
Let t = 2487 - 1669. Is t composite?
True
Let q = 11 + -8. Is 141*(-2 + q) - 2 a composite number?
False
Suppose -3*k + 6 = -0. Is k/(-9) + (-3003)/(-27) prime?
False
Is (-8)/(-20) - 483/(-5) prime?
True
Suppose 4*v + u = -11, 3*u = 2*v - 3 - 2. Is (-422)/(-8)*v*-2 a composite number?
False
Let t = -287 + 418. Let d = 186 - t. Is d a prime number?
False
Suppose -o = -4*o + 6. Suppose 0 = 2*d - 7*d + 5*j + 585, -o*d + 5*j + 231 = 0. Is d a composite number?
True
Suppose -3*q = -7*q + r + 161, 3*r - 63 = -2*q. Is q prime?
False
Let r(s) = -4*s**2 + 6*s + 5. Let m(k) = -9*k**2 + 11*k + 10. Let t(j) = -3*m(j) + 5*r(j). Is t(8) a composite number?
False
Let l = 164 + -79. Is l a composite number?
True
Let i(l) = -l**2 - l - 24. Let v be i(0). Let k = 43 + v. Is k prime?
True
Is (-5541)/2*24/(-36) a prime number?
True
Let l(o) = 2. Let w(s) = -s - 2. Let c(q) = -4*l(q) - 3*w(q). Is c(7) a composite number?
False
Let i(o) be the first derivative of o**2/2 - 6*o - 3. Let d = -10 - -18. Is i(d) composite?
False
Let b = -6 - -8. Let r(c) = 2*c - 2. Let w be r(b). Suppose l + 3*l = -w*y + 122, y + l = 64. Is y a prime number?
True
Suppose 4*z - 15 = -39. Let m = 37 - z. Is m prime?
True
Suppose -6 = -t - t. Suppose -3*r = 2*r - k - 1708, -2*k = 6. Suppose -t*p - w = -274, -w - 113 = -5*p + r. Is p composite?
True
Suppose 0*l + 4*d = -2*l - 14, -2*l - d = -1. Suppose 4 = 3*u - 2. Suppose 0 = -u*r + l*r - 25. Is r composite?
True
Let j = 7 - 4. Suppose 2*d + 0*d - j*u - 462 = 0, -3*d = -4*u - 695. Suppose -m = -4*m + d. Is m a prime number?
True
Let a(f) = f**3 - f**2 + 2*f + 487. Is a(0) composite?
False
Let s(f) = -f**3 + 2*f**2 + f - 23. Is s(-6) prime?
False
Let o(s) = 5 - 3*s + s - s**3 - 12*s**2 - s. Let t be o(-5). Let f = -98 - t. Is f a prime number?
False
Let v(p) = 5*p**2 - 2*p. Is v(11) a composite number?
True
Let z(k) = 88*k**3 + 2*k**2 - 1. Suppose -r + 3 = 2*r. Is z(r) composite?
False
Let u(b) be the second derivative of b**4/12 + b**3/3 + 47*b**2/2 - 4*b. Is u(0) a composite number?
False
Let l(a) = a**3 + 19*a**2 + 23*a + 16. Suppose 90 = -5*x - x. Is l(x) a composite number?
False
Is (-14839)/(-44) + 2/(-8) a prime number?
True
Suppose j - 1 - 1 = 0. Let m(d) = -d - 2*d + 7 - 5*d**j - d + 2 + 2*d**3. Is m(6) composite?
True
Suppose 3*w + 4*i + 16 = 0, 5*w + i + 1 + 3 = 0. Suppose w = -2*x + 2 + 6. Suppose -q = -0*q + x*l - 211, 3*q = 4*l + 633. Is q a prime number?
True
Let d be (-1)/(-3) - (-602)/21. Let m = 8 + d. Is m a composite number?
False
Suppose -2*k - 4*n = -192, -k + 5*n = k - 192. Suppose 0 = 2*v + 4, -2*i = v - k - 60. Is i composite?
False
Suppose -2*w = 4*v + 3 + 17, 2*w + 5*v = -22. Let h be (3/w)/((-2)/12). Let y(i) = i**3 + i**2 - i. Is y(h) a composite number?
True
Let t(f) = f + 8. Let b be t(0). Suppose b*p - 3*p = 745. Is p a prime number?
True
Let k(t) = -t + 1. Let n(g) = -g**2 - 3*g + 4. Let f(m) = 9*k(m) - 2*n(m). Is f(4) prime?
False
Suppose -2 = 2*a - 12. Let q = 6 + a. Is 2/(1 + (-9)/q) a prime number?
True
Let a(c) = c**3 - 4*c**2 + 5*c - 2. Let l be a(3). Suppose -y - l = -147. Is y prime?
False
Let y be 1 + 0 - 2*1. Let f be 6*-2*y/4. Suppose 0*n - f*n + 99 = 0. Is n a prime number?
False
Let m(o) = -2*o**3 - 2*o**2 + 3*o + 2. Let l be m(-2). Suppose -3*r - 141 = -f - l*r, -4*f = 3*r - 565. Let c = -87 + f. Is c composite?
True
Suppose 2*q = -2*c - 16, -3*q = -2*c - c. Let r = 2 - 9. Let g = c - r. Is g a prime number?
True
Suppose 4*s + x = -3*x + 904, 0 = -2*s - 5*x + 467. Is s a prime number?
False
Let y(w) = -2*w - 2. Let g be y(-3). Suppose -g*x + 74 = -3*x. Is x a prime number?
False
Let u = -71 - -15. Let x be (u/(-6))/(5/(-30)). Is 47/(-2)*x/4 composite?
True
Let g = -10 + 4. Let q = 2 - g. Let k = q + 5. Is k a composite number?
False
Suppose 2*f + 9*t - 4*t - 2 = 0, -3*t - 15 = 3*f. Let k be (-54)/2*(-39)/f. Let j = 199 + k. Is j composite?
True
Suppose -3*k = -0*k. Suppose k*r - 5*r + 180 = 0. Is (-4)/(-18) - (-3412)/r a prime number?
False
Let d(n) = 0*n**2 - 20 + 3*n**2 + n - 4*n**2. Let c be d(0). Let f = c + 67. Is f composite?
False
Suppose 6*l = 2*l + 316. Is l prime?
True
Let s = 0 + -2. Is s/((12/326)/(-3)) a composite number?
False
Let m = -8 + 11. Suppose p = -4*p, -2*b + 20 = -4*p. Is (b/m)/((-2)/(-39)) a prime number?
False
Suppose 0 = 5*t + g + 2*g + 25, -2*t - 10 = -4*g. Let n = 8 + t. Suppose l - n*l + 119 = -d, l - 5*d = 64. Is l prime?
True
Suppose 5*a = -3*o + 6*o - 1079, -4*o + 1437 = -5*a. Is o composite?
True
Let g(k) = -2*k - 2. Suppose 15 = m + 4*m. Let v be g(m). Is 3/(-6) + (-2412)/v prime?
False
Suppose 4*n = 2*x + 2, 7*n = 5*x + 8*n - 39. Is x a prime number?
True
Let d be (2/2)/(2/4). Suppose l + d*g = 151, 2*l + 3*g = -2*g + 299. Is l prime?
True
Let o(g) = 3*g**2 - 2*g. 